*a - 4, -3*n + 14 = 2*a. Suppose -6*l + 2*l = 2*h + 12, 3*h = -l + a. Suppose h*f = 35 - 7. List the prime factors of f.
7
Let u(t) = -1 + 2*t + 2 - 3*t. Let b be u(-5). Suppose -r + i + b = -6, -3*r = 4*i - 43. List the prime factors of r.
13
Let n(b) = 3*b + 1. Let p(s) = 8*s + 2. Let r(j) = -11*n(j) + 4*p(j). Let l(u) = 2*u + 3. Let z(o) = 2*l(o) + 3*r(o). List the prime factors of z(6).
3
Let i be ((-1)/2*0)/1. Suppose -4*f + 16 = 4*h, -13 = -h - i*h + 2*f. What are the prime factors of h?
7
Suppose 0 = -4*c - 0*c + 60. Let v(y) = y**2 - 5*y - 1. Let o be v(3). Let m = o + c. List the prime factors of m.
2
Let i(m) = -m + 3. Let r be i(3). Let t(b) = b**2 + b + 2. What are the prime factors of t(r)?
2
Let x(r) = -2*r + 1. Let f be x(-1). Suppose -f*a + 5 + 4 = 0. Suppose 3 + 15 = a*p. What are the prime factors of p?
2, 3
Suppose 8*g = 3*g + 200. List the prime factors of g.
2, 5
Suppose -3*m + 3*x + 195 = 0, 0*m + m + 3*x - 53 = 0. Suppose -a = a + 2*u - m, -92 = -3*a - 2*u. Suppose 0 = q + 4*q - a. What are the prime factors of q?
2, 3
Let c = -5 + 7. Suppose 6 = c*y - 0. List the prime factors of y.
3
Let o = 32 - 3. List the prime factors of o.
29
Let c(b) = b**3 + 3*b**2 - 2*b + 10. Let r be c(-5). What are the prime factors of 24/(r/(-8) + -3)?
2
Suppose -3*q - 25 = w - 2*w, 0 = -2*w + 4*q + 50. What are the prime factors of w?
5
Let j(g) = -g**3 + 5*g**2 - 2*g + 6. Let y be j(5). Let p = -2 - y. What are the prime factors of (1/p)/(2/28)?
7
Let c(g) = g**2 - 8*g + 3. Let i be c(8). Let u(m) = -m**3 - 6*m**2 + 6*m - 1. Let a be u(-7). List the prime factors of 1 - (i + a*-1).
2
Let j(x) = 2*x**2 + x - 9. Let k = -15 + 10. What are the prime factors of j(k)?
2, 3
Suppose 0 = -5*u - 5, 7*d - 3*d + 37 = -5*u. Let s = 11 + d. Suppose j = s - 1. What are the prime factors of j?
2
Let h = 214 - 107. What are the prime factors of h?
107
Suppose -3*j - 6*t + 2*t + 8 = 0, -2*t + 4 = j. Suppose 5*r - 17 - 18 = j. Let i(c) = c - 1. List the prime factors of i(r).
2, 3
Let u(q) = 15*q - 2. Let f be u(4). Suppose 0*t + 81 = 2*n + t, f = n + 4*t. Let c = -26 + n. List the prime factors of c.
2, 3
What are the prime factors of 0 + -2 + (13 - 2)?
3
Let s(t) = -t**2 + 10*t + 2. Let j be s(9). Suppose -2*y - 2*b - 6 = 0, -3*y - 3*b = y + j. List the prime factors of 2/(-2) - 2*y.
3
Let u = 669 - 300. What are the prime factors of u?
3, 41
Let t = 7 + -2. Suppose -4*p = t*r + 6 + 10, -2*r - 8 = 0. Suppose -7 + p = -o. List the prime factors of o.
2, 3
Let z(n) = 22*n + 20. Suppose 0*d = 3*d + 36. Let c(b) = 9*b + 8. Let u(v) = d*c(v) + 5*z(v). List the prime factors of u(5).
2, 7
Let t = -5 + -3. Let h = 5 - t. List the prime factors of h.
13
Suppose s = 5*c - 12, -2*s - 5*c + 39 - 3 = 0. Let o(m) = m**2 - 9*m + 4. Let i be o(s). Let n = i - -21. List the prime factors of n.
17
Let d = 85 - 153. Let p = 97 + d. List the prime factors of p.
29
Let s(w) = w**2 - w + 9. Let y = 5 - 5. Let c be s(y). List the prime factors of 1/(1 - 0)*c.
3
Suppose 0*m + 8*m - 1640 = 0. List the prime factors of m.
5, 41
Let z = -7 + 24. List the prime factors of z.
17
Let u = -9 - -28. List the prime factors of u.
19
List the prime factors of 585/7 - (-6)/14.
2, 3, 7
Let w be 0/2 - 10/(-2). Suppose -3*g + 14 = -2*q, w*q = 4*g + 6*q - 4. Let z = 11 - g. List the prime factors of z.
3
Suppose 0 = -4*b - 0*b. Let t(d) = 5*d**3 - 4*d**2 + 4*d - 2. Let z(v) = 6*v**3 - 5*v**2 + 5*v - 3. Let u(n) = 5*t(n) - 4*z(n). List the prime factors of u(b).
2
Let z = -6 + 9. Suppose 3*d + 78 = z*m, 2*d + 0*d + 40 = 5*m. Let g = 54 + d. What are the prime factors of g?
2, 3
Let j(o) = o**2 + 2*o - 4. Suppose 18 + 2 = -4*g + t, 5*g = 2*t - 25. What are the prime factors of j(g)?
11
What are the prime factors of ((-14)/35)/(1/(-120))?
2, 3
Let f(b) = -b**2. Let x(i) = 4*i**2 - 13*i - 10. Let u(w) = 5*f(w) + x(w). What are the prime factors of u(-8)?
2, 3, 5
Let x be (2/3)/(4/18). Let l = 0 + 10. Suppose -l - 11 = -x*n. What are the prime factors of n?
7
Suppose -r = r. What are the prime factors of (-12*1)/(-2 - r)?
2, 3
List the prime factors of ((-12)/10)/((-9)/150).
2, 5
Let f(v) = -2*v. Let c be f(-2). What are the prime factors of 55/c + 1/4?
2, 7
Let f = 4 - 8. Let u(r) = -3*r**2 - r**3 - 2*r + 1 + 4*r - 5. What are the prime factors of u(f)?
2
Let o(v) = -v**2 + 2*v + 7. Let m be o(5). What are the prime factors of (-100)/m - (-2)/4?
13
Let s(o) = o**3 + 6*o**2 + 6*o + 2. Let r be s(-5). What are the prime factors of (-3)/r - 1/(-1)?
2
Let z = 94 - 31. List the prime factors of z.
3, 7
Suppose -l + 15 = -17. Let u be 1 + -4 + (0 - 19). Let a = l + u. What are the prime factors of a?
2, 5
Let q(d) = -d**2 + d + 22. List the prime factors of q(0).
2, 11
Let q be ((-4)/3)/(4/(-36)). Let m = 2 + q. List the prime factors of m.
2, 7
Let i(o) = -o**3 + 6*o**2 - 5*o + 4. Let j be i(5). Suppose j*x - 15 = 21. List the prime factors of (-2)/(1 - 3)*x.
3
What are the prime factors of 3/(2/((-1192)/(-12))) - -3?
2, 19
Let h be (2/(-6) - -1)*9. What are the prime factors of (-28)/(-21) - (-4)/h?
2
Let h(d) = -d**3 + 4*d**2 - d - 1. Let m be h(3). Suppose -m*s + 17 = 47. List the prime factors of (3 + -6)*8/s.
2
Let d be 8/1*1/2. Suppose a - 3*c - 10 = 0, -5*c = 4*a - 141 + 16. Suppose b - 4*n = -2, -d*b + 2*n + a = -3*n. List the prime factors of b.
2, 5
Suppose 0 = -5*y + 5*f + 35, -3*f + 4 + 2 = 0. List the prime factors of (2/(-3))/((-1)/y).
2, 3
What are the prime factors of 140 + 5 + -5 - -3?
11, 13
Let j = 33 + -8. Let d = 45 - j. Suppose -c - d = -5*c. List the prime factors of c.
5
Let m(f) = 14*f - 10. List the prime factors of m(5).
2, 3, 5
Let k(b) = 10*b + 8. Let m(j) be the third derivative of -j**4/8 - j**3/2 + 2*j**2. Let i(v) = -2*k(v) - 7*m(v). List the prime factors of i(6).
11
What are the prime factors of (-4584)/60*10/(-4)?
191
Suppose -j = -s + 2, -s = 3*j - 9 - 9. Suppose 3*o + s = f + o, 4*f = -2*o + 14. List the prime factors of 18/f*8/3.
2, 3
Let w = -63 - -90. Suppose 7 + w = 2*z. List the prime factors of z.
17
Let r = 1 - -1. Suppose -a - 3*f - 3 = -8*f, 0 = 2*f - r. List the prime factors of a.
2
Suppose 5*p + 5*d = 300, 0 = -5*d + 5 - 0. List the prime factors of p.
59
Let b(o) = o**3 + 8*o**2 - 7*o + 9. What are the prime factors of b(-7)?
107
Let t(b) = -b**2 - 16*b + 11. What are the prime factors of t(-13)?
2, 5
Let w = -13 + 25. Let p = 21 - w. Let u = 6 + p. What are the prime factors of u?
3, 5
Suppose -4*d + 42 = -5*c, -2*c + 2*d = 2*c + 36. Let f = c + 16. List the prime factors of f.
2, 3
Suppose 9 = -k + 2*k. Suppose 51 + k = 5*h. List the prime factors of h.
2, 3
Suppose 2*v - 135 = -p, 0*p + 4*p - 3*v - 551 = 0. List the prime factors of p.
137
Let c(d) = -d**2 + 8*d - 8. Let j be c(7). Let h be j/(1 - 2)*-1. Let i = h - -9. List the prime factors of i.
2
Let h(x) = -x**3 + 2*x**2 - x + 4. Let l(w) = -w**3 + w. Let b(k) = h(k) - 2*l(k). List the prime factors of b(-3).
2
Let x(o) = o**3 + 2*o - 1. Let y be x(1). Let s = y - 1. What are the prime factors of 0 + s + -2 + 12?
11
Suppose 3*l - o = 13, 3*l + 6*o = 3*o + 33. Suppose 0 = -t - 0*t + l. Let z(q) = q**2 - 5*q - 1. List the prime factors of z(t).
5
Let f(c) = -c**2 + 3*c - 5*c - 4 - 2*c - 4*c. Suppose -3*s = -5*y + 46, 5*y = -0*y + 25. What are the prime factors of f(s)?
3
Let i(u) = -11*u - 15. List the prime factors of i(-7).
2, 31
List the prime factors of (-303)/(-3) - 2*1.
3, 11
Let f = -7 + 10. Let o = 1 - 1. What are the prime factors of o + (-2 - -5)*f?
3
Let t = 27 - 94. Let z = t + 100. What are the prime factors of z?
3, 11
Suppose 2*h + 3*h - 300 = 0. List the prime factors of h.
2, 3, 5
Suppose 5*x = 3 + 22. Suppose x*g + 10 = 6*g. List the prime factors of g.
2, 5
Let i(k) = 14*k. What are the prime factors of i(2)?
2, 7
Let s be -7*(-1 + 15/21). Suppose 11 = -s*o - 5*v, 5 = o - 5*v + 4*v. What are the prime factors of o?
2
Suppose 4*z = -3*t + 260, z - 3*t - 65 = 2*t. List the prime factors of z.
5, 13
List the prime factors of 8/6*2358/12.
2, 131
Suppose -3*a + 132 = -3*d, -5*d = 2*a - 2*d - 73. Suppose 234 = 5*z - a. What are the prime factors of z?
5, 11
Suppose -5*u + 478 = f, 4*u = -4*f + 15 + 377. List the prime factors of u.
5, 19
Suppose 0 = b - 101 + 15. List the prime 